base 15, what is 93 + 1?
94
In base 4, what is -3 + 1?
-2
In base 6, what is -524 + 0?
-524
In base 12, what is 126 + -5?
121
In base 2, what is 101 + 1001010?
1001111
In base 8, what is 373 - -1?
374
In base 10, what is -268 - 14?
-282
In base 3, what is -2002 - -20?
-1212
In base 6, what is 2113 - 4?
2105
In base 10, what is 52 - -35?
87
In base 12, what is 92 - -29?
bb
In base 3, what is -21 + 1221120?
1221022
In base 9, what is -1175 + -5?
-1181
In base 8, what is 340 + -5?
333
In base 14, what is -1 - 8?
-9
In base 15, what is 483 - 0?
483
In base 7, what is 564 - -12?
606
In base 7, what is 21 - -2214?
2235
In base 7, what is 141 + -2?
136
In base 3, what is -2 + -1112?
-1121
In base 7, what is 1152 + 0?
1152
In base 14, what is 45 - -11?
56
In base 7, what is 45 + -156?
-111
In base 5, what is -11 + 344?
333
In base 11, what is 1 - 10aa?
-10a9
In base 15, what is 27 - -c?
34
In base 12, what is -12 + 24?
12
In base 3, what is 2 - -1101?
1110
In base 8, what is -344 - 17?
-363
In base 12, what is -196 - 3?
-199
In base 3, what is 11 + -2211112?
-2211101
In base 13, what is -4 + 21aa?
21a6
In base 7, what is 116 - -2?
121
In base 7, what is 621 - -26?
650
In base 2, what is 1010 - -10001?
11011
In base 4, what is -3001 + 1?
-3000
In base 9, what is -2 + 0?
-2
In base 11, what is -9 + 11?
3
In base 2, what is -11101 + 10?
-11011
In base 12, what is 0 + -5?
-5
In base 5, what is 13 - -4?
22
In base 4, what is -13110 + -213?
-13323
In base 5, what is -4 + -304?
-313
In base 15, what is 3 - 2a?
-27
In base 14, what is 18 - -677?
691
In base 9, what is 2 + -2832?
-2830
In base 9, what is 18 + 27?
46
In base 10, what is 0 + 109?
109
In base 4, what is -223 - -21?
-202
In base 16, what is 8007 + 2?
8009
In base 16, what is 2a + 22d?
257
In base 11, what is 0 - 74?
-74
In base 12, what is 226 + -4?
222
In base 10, what is 4 - -50?
54
In base 8, what is -5 + -277?
-304
In base 5, what is 10 - -31103?
31113
In base 15, what is 2 - 28?
-26
In base 6, what is 11 + -1303?
-1252
In base 12, what is 12 + 2?
14
In base 10, what is -31197 + 0?
-31197
In base 3, what is -1 + -1020?
-1021
In base 8, what is 5 - -116?
123
In base 11, what is -109 - 1?
-10a
In base 8, what is 10275 + 0?
10275
In base 5, what is -4 + -213?
-222
In base 15, what is 0 - -40?
40
In base 13, what is -10 + 3?
-a
In base 3, what is -200112 - 12?
-200201
In base 6, what is 5534 - 4?
5530
In base 5, what is -2222 + -11?
-2233
In base 3, what is 10122 + -10?
10112
In base 2, what is 1000 + -10?
110
In base 5, what is 4 + 44?
103
In base 11, what is -5 + -264?
-269
In base 8, what is -2 - -51?
47
In base 6, what is 2 - -2120?
2122
In base 10, what is -22076 + -1?
-22077
In base 2, what is 100 - -10110000011?
10110000111
In base 4, what is -10 - 203?
-213
In base 15, what is 5 + -171?
-16b
In base 3, what is -22002211 + 2?
-22002202
In base 14, what is -159 - -2?
-157
In base 3, what is 1 - 1120?
-1112
In base 13, what is -1a4 - 5?
-1a9
In base 3, what is 21 - 21?
0
In base 16, what is e2 + 1?
e3
In base 6, what is -13 - 10?
-23
In base 4, what is 10232 + -10?
10222
In base 12, what is 1b - 22a?
-20b
In base 4, what is 1 - 31100?
-31033
In base 15, what is 1 + 36?
37
In base 4, what is -11 - 20231?
-20302
In base 12, what is 4 + 307?
30b
In base 7, what is -315 + 5?
-310
In base 4, what is 1 + 12203?
12210
In base 6, what is -11 + -32?
-43
In base 13, what is 6 - -b0?
b6
In base 13, what is -5 + -1aa?
-1b2
In base 13, what is 0 + -373?
-373
In base 11, what is -41 + -10?
-51
In base 13, what is 181 + 0?
181
In base 13, what is -bcba - 1?
-bcbb
In base 15, what is 9 + 28?
32
In base 14, what is 5c + 0?
5c
In base 5, what is -12 + 1103?
1041
In base 8, what is 1 - 1546?
-1545
In base 6, what is -23432 + 4?
-23424
In base 11, what is -1a80 + 4?
-1a77
In base 9, what is -1 + -2224?
-2225
In base 7, what is 1036 - 12?
1024
In base 13, what is -1 + 514?
513
In base 15, what is -3 + 4?
1
In base 7, what is 0 - -162?
162
In base 8, what is 1670 + -4?
1664
In base 15, what is -5 - -2d4?
2ce
In base 14, what is 3705 - 1?
3704
In base 11, what is 5 - -50?
55
In base 13, what is -2 + -58?
-5a
In base 12, what is -12 - -19?
7
In base 10, what is -124 + 11?
-113
In base 2, what is -101 + -1001111?
-1010100
In base 9, what is 6083 - -4?
6087
In base 12, what is -542 - -2?
-540
In base 3, what is -11 + -1000200?
-1000211
In base 3, what is 22220 + 0?
22220
In base 15, what is 74 + -2?
72
In base 9, what is 136 - -7?
144
In base 5, what is 4 + 3?
12
In base 3, what is 2211 + 1221?
11202
In base 10, what is 16 + -6?
10
In base 5, what is 0 - 3?
-3
In base 10, what is -36529 + -1?
-36530
In base 2, what is 0 - 1011000000010?
-1011000000010
In base 14, what is -34d + 0?
-34d
In base 5, what is 1430 - -434?
2414
In base 15, what is 3 + -38?
-35
In base 4, what is -3 - -30?
21
In base 12, what is -34 + 8?
-28
In base 15, what is -6 - -257?
251
In base 4, what is -3 - 2323?
-2332
In base 10, what is -2 + 45?
43
In base 6, what is -12 - -23?
11
In base 5, what is -1 - 133?
-134
In base 12, what is 705 + 0?
705
In base 12, what is -2302 + 1?
-2301
In base 10, what is 5 + 1184?
1189
In base 9, what is 5 - 11428?
-11423
In base 7, what is 3 - -30?
33
In base 2, what is -10000 - -10010?
10
In base 15, what is -60 - 24?
-84
In base 7, what is -22 - -5?
-14
In base 16, what is 3 - 861?
-85e
In base 10, what is 2 + 600?
602
In base 2, what is 111 - 100?
11
In base 13, what is 158 - 19?
13c
In base 11, what is 153 + 6?
159
In base 11, what is 8 - 1?
7
In base 14, what is 322b + -2?
3229
In base 3, what is 1 + -1222?
-1221
In base 10, what is 73 + 1?
74
In base 12, what is -10a - -4?
-106
In base 15, what is 5 + 2e?
34
In base 11, what is 27 + -1?
26
In base 7, what is -2 - 102?
-104
In base 3, what is 200 - 212021?
-211121
In base 13, what is 11 + 203?
214
In base 6, what is -122 + 232?
110
In base 7, what is 33 - 4?
26
In base 13, what is 1 - -124?
125
In base 6, what is -420 - 335?
-1155
In base 7, what is -3 + -2046?
-2052
In base 2, what is -1000111 - 1010?
-1010001
In base 14, what is 5 - -122?
127
In base 6, what is 325 + 2?
331
In base 12, what is 3 + -1a39?
-1a36
In base 16, what is 5 + 1d1?
1d6
In base 2, what is -10010110 - -100?
-10010010
In base 3, what is 100122 + 20?
100212
In base 5, what is 230 - 14?
211
In base 11, what is -4 - 272?
-276
In base 3, what is 1002 - -210?
1212
In base 6, what is -11 + 344?
333
In base 6, what is -11440 - 0?
-11440
In base 10, what is 7 + 123?
130
In base 16, what is -7 + -5?
-c
In base 13, what is -16a2 - 5?
-16a7
In base 3, what is 111 + 2?
120
In base 10, what is 30202 + 0?
30202
In base 6, what is -125 - -11?
-114
In base 6, what is 425 - 1?
424
In base 2, what is 10111110100 + 11?
10111110111
In base 3, what is -102 + 1001?
122
In base 3, what is 201 + 1201?
2102
In base 15, what is 5c - -26?
83
In base 9, what is -7 + 171?
163
In base 5, what is -34 - 24?
-113
In base 15, what is -5 + -a8?
-ad
In base 16, what is d - -f3?
100
In base 7, what is -6 - 20?
-26
In base 14, what is 3 + 176?
179
In base 14, what is -3 - -d0?
cb
In base 4, what is -233310 + 0?
-233310
In base 9, what is -2508 - -4?
-2504
In base 14, what is 193 - -1?
194
In base 9, what is -8 + 1277?
1268
In base 10, what is 12161 + -1?
12160
In base 5, what is -11214 + 1?
-11213
In base 14, what is -599 + -3?
-59c
In base 12, what is 20a + -4?
206
In base 9, what is -32 + -135?
-167
In base 8, what is -754 + -23?
-777
In base 13, what is a6 + 1?
a7
In base 2, what is 111011 - 10?
111001
In base 11, what is -5 + 61?
57
In base 13, what is -412 - -5?
-40a
In base 12, what is -408 + -5?
-411
In base 15, what is -99 - 20?
-b9
In base 10, what is 15 + -48?
-33
In base 2, what is 1 + -10100?
-10011
In base 10, what is 5 + -3311?
-3306
In base 15, what is -a3 + 2e?
-74
In base 6, what is 334 - 5?
325
In base 3, what is -2 - 10101001?
-10101010
In base 7, what is -53 + -4?
-60
In base 9, what is 242 - -2?
244
In base 7, what is 3 + -1653?
-1650
In base 15, what is -76 - -1d?
-58
In base 8, what is -4 + -445?
-451
In base 13, what is 230 + -8?
225
In base 4, what is -21 - -112?
31
In base 6, what is 115052 - 4?
115044
In base 5, what is -4332 - -4?
-4323
In base 3, what is -11 + 21000?
20212
In base 2, what is